4?
2
What is the ten thousands digit of 1348236?
4
What is the thousands digit of 3143265?
3
What is the millions digit of 1368396?
1
What is the hundred thousands digit of 530241?
5
What is the ten thousands digit of 4883619?
8
What is the hundred thousands digit of 354145?
3
What is the ten thousands digit of 4776846?
7
What is the tens digit of 6737837?
3
What is the units digit of 279035?
5
What is the units digit of 19533006?
6
What is the millions digit of 7491189?
7
What is the units digit of 183207?
7
What is the units digit of 237657?
7
What is the hundreds digit of 14745892?
8
What is the tens digit of 313828?
2
What is the tens digit of 13431?
3
What is the units digit of 6547518?
8
What is the tens digit of 274541?
4
What is the millions digit of 1431215?
1
What is the hundreds digit of 620017?
0
What is the millions digit of 3419273?
3
What is the ten thousands digit of 261663?
6
What is the tens digit of 954418?
1
What is the units digit of 77079?
9
What is the thousands digit of 206632?
6
What is the thousands digit of 397175?
7
What is the hundreds digit of 370062?
0
What is the ten thousands digit of 519197?
1
What is the thousands digit of 6706286?
6
What is the millions digit of 12337855?
2
What is the units digit of 98803?
3
What is the tens digit of 2132995?
9
What is the ten thousands digit of 472195?
7
What is the thousands digit of 442125?
2
What is the thousands digit of 1314155?
4
What is the millions digit of 1331828?
1
What is the ten thousands digit of 673801?
7
What is the hundred thousands digit of 418043?
4
What is the hundred thousands digit of 10030550?
0
What is the ten millions digit of 20750873?
2
What is the hundreds digit of 557406?
4
What is the units digit of 8527758?
8
What is the thousands digit of 21828395?
8
What is the hundreds digit of 1422681?
6
What is the hundred thousands digit of 2231782?
2
What is the units digit of 8273427?
7
What is the tens digit of 6941?
4
What is the tens digit of 258688?
8
What is the tens digit of 262699?
9
What is the ten thousands digit of 2780010?
8
What is the millions digit of 33427513?
3
What is the thousands digit of 336353?
6
What is the units digit of 536076?
6
What is the tens digit of 483953?
5
What is the hundred thousands digit of 11368642?
3
What is the hundreds digit of 484219?
2
What is the tens digit of 1186993?
9
What is the units digit of 15612160?
0
What is the thousands digit of 858334?
8
What is the thousands digit of 11824694?
4
What is the hundreds digit of 327405?
4
What is the thousands digit of 942806?
2
What is the hundreds digit of 302892?
8
What is the thousands digit of 102387?
2
What is the hundred thousands digit of 186940?
1
What is the thousands digit of 562455?
2
What is the millions digit of 5931170?
5
What is the thousands digit of 8378?
8
What is the thousands digit of 729407?
9
What is the hundred thousands digit of 779424?
7
What is the hundreds digit of 712990?
9
What is the hundred thousands digit of 215256?
2
What is the hundreds digit of 932123?
1
What is the tens digit of 11783920?
2
What is the thousands digit of 1053848?
3
What is the hundreds digit of 663766?
7
What is the hundred thousands digit of 658616?
6
What is the tens digit of 5909?
0
What is the tens digit of 1367271?
7
What is the tens digit of 1460337?
3
What is the millions digit of 1131927?
1
What is the thousands digit of 4415549?
5
What is the tens digit of 4069379?
7
What is the hundred thousands digit of 3183182?
1
What is the tens digit of 525956?
5
What is the millions digit of 1922858?
1
What is the units digit of 6798701?
1
What is the hundreds digit of 1308911?
9
What is the units digit of 9028430?
0
What is the hundred thousands digit of 623279?
6
What is the millions digit of 3847766?
3
What is the units digit of 2824226?
6
What is the thousands digit of 896472?
6
What is the ten thousands digit of 234070?
3
What is the thousands digit of 1750586?
0
What is the ten thousands digit of 3627254?
2
What is the units digit of 1177657?
7
What is the hundred thousands digit of 642673?
6
What is the hundreds digit of 5981995?
9
What is the hundred thousands digit of 1967779?
9
What is the hundreds digit of 11681866?
8
What is the hundred thousands digit of 310794?
3
What is the thousands digit of 290727?
0
What is the hundred thousands digit of 606905?
6
What is the ten thousands digit of 551180?
5
What is the tens digit of 503212?
1
What is the ten thousands digit of 369622?
6
What is the ten thousands digit of 41258?
4
What is the thousands digit of 1983851?
3
What is the millions digit of 8265151?
8
What is the hundred thousands digit of 171091?
1
What is the thousands digit of 427777?
7
What is the tens digit of 739138?
3
What is the hundreds digit of 244889?
8
What is the ten thousands digit of 16890905?
9
What is the thousands digit of 518383?
8
What is the hundreds digit of 1403567?
5
What is the hundred thousands digit of 1402840?
4
What is the units digit of 198466?
6
What is the ten thousands digit of 14097287?
9
What is the ten thousands digit of 2467643?
6
What is the ten millions digit of 42904528?
4
What is the tens digit of 127826?
2
What is the millions digit of 36330051?
6
What is the tens digit of 2009996?
9
What is the hundred thousands digit of 1718818?
7
What is the millions digit of 1333626?
1
What is the hundreds digit of 215831?
8
What is the units digit of 19275581?
1
What is the tens digit of 1421029?
2
What is the hundreds digit of 1880840?
8
What is the hundred thousands digit of 4644744?
6
What is the hundreds digit of 1977934?
9
What is the units digit of 490963?
3
What is the ten thousands digit of 4525311?
2
What is the units digit of 702683?
3
What is the thousands digit of 3898817?
8
What is the thousands digit of 1919174?
9
What is the tens digit of 148613?
1
What is the tens digit of 6495109?
0
What is the units digit of 10355?
5
What is the tens digit of 1803551?
5
What is the ten thousands digit of 704598?
0
What is the ten thousands digit of 321322?
2
What is the millions digit of 4733718?
4
What is the hundreds digit of 12959853?
8
What is the units digit of 3198991?
1
What is the thousands digit of 5961829?
1
What is the hundred thousands digit of 1215078?
2
What is the millions digit of 15649522?
5
What is the ten thousands digit of 82975?
8
What is the units digit of 79179?
9
What is the tens digit of 176740?
4
What is the hundreds digit of 181588?
5
What is the hundreds digit of 2009623?
6
What is the ten thousands digit of 4054855?
5
What is the tens digit of 15133551?
5
What is the thousands digit of 314709?
4
What is the hundreds digit of 39305?
3
What is the thousands digit of 696906?
6
What is the units digit of 145650?
0
What is the tens digit of 3329909?
0
What is the ten thousands digit of 248684?
4
What is the hundred thousands digit of 757960?
7
What is the hundreds digit of 3602192?
1
What is the units digit of 2715160?
0
What is the units digit of 1169564?
4
What is the units digit of 334629?
9
What is the thousands digit of 255675?
5
What is the hundred thousands digit of 4288029?
2
What is the hundreds digit of 43866?
8
What is the hundred thousands digit of 7835007?
8
What is the ten thousands digit of 5424559?
2
What is the hundred thousands digit of 1451397?
4
What is the hundreds digit of 19516611?
6
What is the thousands digit of 1169716?
9
What is the millions digit of 1073005?
1
What is the hundreds digit of 26887546?
5
What is the units digit of 9325692?
2
What is the ten thousands digit of 570768?
7
What is the thousands digit of 13808?
3
What is the tens digit of 155948?
4
What is the thousands digit of 10769155?
9
What is the tens digit of 4153798?
9
What is the hundreds digit of 1370265?
2
What is the tens digit of 11823346?
4
What is the hundred thousands digit of 946711?
9
What is the units digit of 9032369?
9
What is the thousands digit of 458820?
8
What is the tens digit of 5398332?
3
What is the ten thousands digit of 1474269?
7
What is the hundreds digit of 5294263?
2
What is the hundreds digit of 1259277?
2
What is the ten thousands digit of 6900065?
0
What is the ten thousands digit of 5494975?
9
What is the units digit of 11387?
7
What is the hundred thousands digit of 16